- 3 = -4*u - 5*c, -a*c - 1 = u. What is the greatest common factor of u and 42?
14
Let r be 14/(-6) - 5/(-15). Let j = r + 8. Let z be j/2 - (-231)/11. Calculate the highest common factor of 36 and z.
12
Let n = 68 - 64. Suppose 4*h + n*m = 40, h - m - 6 + 2 = 0. What is the greatest common divisor of h and 133?
7
Suppose -5*y + 48 = y. Let p(r) = -r**3 + 3*r**2 + 3*r - 1. Let a be p(3). Calculate the greatest common factor of y and a.
8
Suppose 2*g + 2 - 3 = 5*a, 0 = 2*a + 5*g - 17. Let j(b) = -5*b - 2 - 4*b + 2*b + 6*b. Let i be j(-3). Calculate the highest common divisor of a and i.
1
Let r(t) = 3 - 2 + 0*t - 9*t**2 + t**3 + t - 5*t**2. Let z be r(14). Let y be (2/4)/(2/660). What is the highest common divisor of y and z?
15
Let j(q) = 19*q + 230. Let l be j(-12). Calculate the highest common factor of l and 254.
2
Let f(x) = -20*x + 12. Let i be f(8). Let d = -99 - i. Let n be (7 - (1 + -2)) + -1. What is the highest common divisor of d and n?
7
Let t = 324 - -243. What is the highest common factor of t and 63?
63
Suppose 0*t + 10 = 2*t + 4*r, -4*t - 3*r = -15. Suppose 0 = -16*l + 15*l + t. Calculate the greatest common factor of l and 1.
1
Let r(w) = 2*w - 1. Let c be r(2). Suppose -v - c = 6. Let n = v - -21. What is the highest common divisor of n and 60?
12
Let l be 3 + (-8)/12*21/2. Let r(n) = n**3 + 8*n**2 - n - 8. Let y be r(l). Calculate the greatest common factor of 24 and y.
12
Let a be (-1 - 0)*10*-2. Let v = -248 - -137. Let w = 161 + v. What is the highest common divisor of a and w?
10
Let r = 76 - 71. What is the highest common divisor of r and 155?
5
Let u(b) = b**2 + 2*b - 19. Let w be u(9). Calculate the greatest common factor of 10 and w.
10
Let x(b) = 15*b - 7. Let o be x(5). Calculate the highest common divisor of 884 and o.
68
Let w(q) = -3*q + 12. Let j(g) = 2*g - 6. Let x(h) = 10*j(h) + 6*w(h). Let s = 16 - 10. Let v be x(s). What is the greatest common factor of v and 60?
12
Suppose 2*v - 3926 = -i, -4*i - 2*v = 2*v - 15724. Calculate the highest common factor of 96 and i.
96
Suppose -2*t - 1629 = t. Let v = t + 312. Let q = v + 381. Calculate the greatest common divisor of 25 and q.
25
Let w(y) = 4*y**3 - y**2. Let d be w(1). Suppose -d*u + 4 - 10 = 0. Let l be 1/u - 155/(-10). Calculate the greatest common divisor of 75 and l.
15
Suppose 278*j + 66 = 284*j. Suppose 3*o - 422 = -59. What is the greatest common divisor of j and o?
11
Suppose 6*t - 3*k = 3*t + 75, 5*k - 127 = -4*t. What is the greatest common factor of 224 and t?
28
Suppose 53 + 55 = 3*c. Suppose z + c = 3*z. Let n be 2/5 - (-399)/15. What is the greatest common factor of z and n?
9
Let o = 306 - 287. What is the greatest common factor of 209 and o?
19
Suppose -2 + 5 = 5*y + 3*t, 5*t + 20 = 0. Suppose 2*d - 15 = 5*d. Let n(p) = p**2 + 5*p + 3. Let g be n(d). What is the highest common divisor of y and g?
3
Let y(f) = -2*f**3 - 12*f**2 + 30*f + 17. Let c be y(-8). What is the greatest common factor of 165 and c?
33
Let o(p) be the second derivative of -p**5/20 + 2*p**4/3 - 3*p**3/2 + p**2 + 5*p. Let j be o(6). What is the greatest common divisor of j and 60?
20
Suppose -2*x - 276 = -6*c, -3*x - 184 = -4*c - 2*x. Suppose -109 = -j - 2*p, -3*p + p = 6. What is the highest common divisor of j and c?
23
Let z be ((-3)/9*0)/(4 - 5). Suppose t - 29 + 1 = z. What is the highest common divisor of t and 14?
14
Let y(h) = -4*h**2 + 12*h - h - 11 + 4*h**2 - h**2. Let t be y(5). Let i = 26 - t. What is the greatest common divisor of i and 1?
1
Let t(k) = -k + 2. Let l be t(3). Let o be (l - (-3)/(-6))*-4. Let y be 308/o + 2/3. Calculate the greatest common divisor of 26 and y.
26
Let r = 303 - 298. What is the greatest common divisor of 25 and r?
5
Let f(o) = 10*o**2 - 2*o + 1. Let k be f(-2). Suppose -16 = 3*m - 31. Suppose -m*n = -4*v, -2*v - 5 = v - 5*n. What is the greatest common divisor of k and v?
5
Let x be 1348/6 + (-7 - (-110)/15). What is the greatest common divisor of x and 9?
9
Let c = -746 - -881. What is the greatest common divisor of c and 465?
15
Let g = -213 + 259. Calculate the greatest common divisor of g and 138.
46
Suppose -10*u + 2 = -8*u. Let x be 2/1*26 + u. Suppose -5*z = -47 - x. Calculate the greatest common factor of 160 and z.
20
Let j(l) = l + 16. Let t be j(12). What is the highest common divisor of 126 and t?
14
Suppose 3*o = 5*g + 2*o - 25, 5*g = -o + 25. Suppose -50 = -g*p - 4*s + 6*s, 53 = 4*p + s. What is the greatest common divisor of p and 3?
3
Suppose -2*p + 407 = -2*f - f, 2*f - 214 = -p. What is the highest common factor of p and 48?
16
Suppose 2*h + 2977 = 3*w, 17*h + 4955 = 5*w + 15*h. Calculate the greatest common divisor of w and 23.
23
Let i(u) = u - 24. Let h(s) = -s + 25. Let y(q) = -3*h(q) - 4*i(q). Let r be y(18). What is the highest common divisor of 39 and r?
3
Let y(o) be the second derivative of -o**3/3 + 17*o**2 - 6*o. Let c be y(14). Let m be ((-28)/(-3))/(4/18). What is the greatest common divisor of c and m?
6
Let l = 169 + -80. Suppose 0 = q - 4*a - 14 - 18, 4*q - 3*a = l. What is the greatest common divisor of 8 and q?
4
Suppose 11*z = 6259 - 5863. Calculate the highest common factor of 189 and z.
9
Suppose -197 = -3*i - i + g, -3*i + 4*g + 164 = 0. Let t = 400 + -112. Calculate the greatest common factor of i and t.
48
Suppose -f = f. Suppose f = -2*y - k - 0*k - 4, 0 = 5*y + 3*k + 12. Suppose y = -0*v + 4*v - 56. Calculate the greatest common divisor of 21 and v.
7
Let s(d) = -2*d - 32. Let q(n) = n + 16. Let w(v) = 5*q(v) + 2*s(v). Let x be w(0). Suppose -f = 3*f - 192. What is the greatest common factor of f and x?
16
Let u be (-1*4)/(1 + 0). Let a(q) = q**3 + 4*q**2 + q + 2. Let g be a(u). Let r = 8 - g. Calculate the greatest common divisor of 70 and r.
10
Suppose 0 = -4*k + 2*k + 22. Let d be (-28)/(-16) - 2 - (-609)/(-12). Let u = d - -52. What is the highest common divisor of k and u?
1
Let b = -60 - -64. Suppose 4*j - s - 1164 = 3*s, 0 = 5*j - 4*s - 1452. Suppose 0 = -b*r + r + j. What is the highest common factor of 32 and r?
32
Suppose 115 = -0*f + f - 2*q, f = -3*q + 125. Calculate the highest common factor of 85 and f.
17
Suppose -7*w + 10*w - 11 = -4*l, 13 = w - l. Calculate the highest common divisor of 36 and w.
9
Suppose s + 0*s - 4*u = 76, s - 83 = -3*u. Let o = s + -66. Calculate the highest common divisor of o and 140.
14
Suppose -257*x + 266*x = 288. What is the greatest common divisor of 10 and x?
2
Let k be (-180)/8*(-4)/5. Let z = k + 11. What is the highest common divisor of z and 29?
29
Suppose -33*l + 29*l + 2*a = -114, l - 4*a = 46. What is the highest common factor of l and 4?
2
Let w(l) = -l**3 + 14*l**2 + 14*l + 22. Let k be w(15). Suppose 5*v - 50 = 5*o, 7*v - 3*v + 5*o - 13 = 0. Calculate the greatest common factor of v and k.
7
Suppose -8 = 2*y, -5*u = -y + 1568 - 4702. Let n be u/14 + (-2)/(-28)*4. Calculate the highest common factor of 9 and n.
9
Suppose 14*y - 13*y - 155 = 0. What is the highest common divisor of 5 and y?
5
Let x(j) = 35*j**2 + 23*j - 24. Let z be x(1). Calculate the greatest common factor of z and 765.
17
Suppose 4851 = 8*a - 4365. Calculate the highest common divisor of 36 and a.
36
Let y(g) = g**3 + 2*g**2 - 26*g + 928. Let x be y(0). Calculate the highest common divisor of x and 29.
29
Let u(h) = -h**2 + 6*h - 4. Let y be u(9). Let d = y + 76. Let l be 6/2*(-12)/(-2). Calculate the highest common divisor of d and l.
9
Suppose 4*y = w + 461, -124 = -5*y + 5*w + 471. Let u be 66 + ((-210)/(-7))/3. Calculate the highest common factor of y and u.
38
Let x(d) = d**3 + 7*d**2 + 20. Let q be x(-8). Let t be (-1 + -1 + 5)*q/(-6). What is the greatest common divisor of t and 242?
22
Let h = 713 - 119. Calculate the highest common factor of 33 and h.
33
Suppose -h = -2, 3*l - 3*h + 2738 = -2*h. Let d = -516 - l. Suppose 6*b - 3*b = d. What is the highest common divisor of b and 12?
12
Suppose -2*q + 96 = 2*l, -4*q + 23 + 137 = -4*l. Calculate the highest common divisor of q and 4.
4
Let p be (3 - 2) + 1 - -26. Let t = 135 - 51. What is the highest common factor of t and p?
28
Let a be (1 - -137)/((-9)/(-9)). Let n be -3 - a - (2 - -1). Let t = n - -254. What is the highest common divisor of t and 10?
10
Suppose 3*m + 16 = 4*y - 7, 3 = -3*m. Suppose -